 by 211?
13
What is the remainder when 203 is divided by 58?
29
What is the remainder when 505 is divided by 233?
39
What is the remainder when 327 is divided by 23?
5
Calculate the remainder when 709 is divided by 102.
97
Calculate the remainder when 450 is divided by 13.
8
What is the remainder when 215 is divided by 205?
10
Calculate the remainder when 277 is divided by 31.
29
Calculate the remainder when 4962 is divided by 184.
178
What is the remainder when 2744 is divided by 171?
8
Calculate the remainder when 564 is divided by 71.
67
What is the remainder when 67 is divided by 47?
20
What is the remainder when 1914 is divided by 4?
2
Calculate the remainder when 1311 is divided by 25.
11
Calculate the remainder when 1021 is divided by 328.
37
Calculate the remainder when 78 is divided by 17.
10
Calculate the remainder when 52 is divided by 4.
0
Calculate the remainder when 1336 is divided by 442.
10
What is the remainder when 1948 is divided by 53?
40
What is the remainder when 94 is divided by 17?
9
What is the remainder when 87 is divided by 20?
7
Calculate the remainder when 1698 is divided by 170.
168
What is the remainder when 2328 is divided by 772?
12
What is the remainder when 3489 is divided by 66?
57
Calculate the remainder when 51283 is divided by 195.
193
What is the remainder when 97 is divided by 11?
9
Calculate the remainder when 370 is divided by 13.
6
What is the remainder when 753 is divided by 58?
57
What is the remainder when 2197 is divided by 157?
156
What is the remainder when 1400 is divided by 55?
25
What is the remainder when 783 is divided by 7?
6
What is the remainder when 1171 is divided by 167?
2
What is the remainder when 106 is divided by 57?
49
Calculate the remainder when 76 is divided by 13.
11
Calculate the remainder when 21 is divided by 2.
1
What is the remainder when 734 is divided by 15?
14
What is the remainder when 246 is divided by 124?
122
What is the remainder when 187 is divided by 10?
7
What is the remainder when 403 is divided by 15?
13
Calculate the remainder when 4461 is divided by 24.
21
Calculate the remainder when 8324 is divided by 23.
21
What is the remainder when 501 is divided by 245?
11
Calculate the remainder when 229 is divided by 104.
21
What is the remainder when 130 is divided by 103?
27
What is the remainder when 18 is divided by 14?
4
What is the remainder when 1111 is divided by 124?
119
What is the remainder when 88 is divided by 46?
42
Calculate the remainder when 703 is divided by 336.
31
Calculate the remainder when 93 is divided by 38.
17
What is the remainder when 138 is divided by 7?
5
What is the remainder when 251 is divided by 93?
65
Calculate the remainder when 504 is divided by 47.
34
Calculate the remainder when 1040 is divided by 106.
86
Calculate the remainder when 79 is divided by 14.
9
Calculate the remainder when 173 is divided by 160.
13
What is the remainder when 493 is divided by 114?
37
What is the remainder when 27 is divided by 19?
8
What is the remainder when 2800 is divided by 58?
16
Calculate the remainder when 29 is divided by 9.
2
What is the remainder when 358 is divided by 9?
7
Calculate the remainder when 284 is divided by 41.
38
What is the remainder when 1357 is divided by 105?
97
What is the remainder when 167 is divided by 19?
15
Calculate the remainder when 809 is divided by 302.
205
What is the remainder when 1084 is divided by 28?
20
Calculate the remainder when 129 is divided by 67.
62
What is the remainder when 25 is divided by 13?
12
What is the remainder when 317 is divided by 104?
5
Calculate the remainder when 816 is divided by 21.
18
What is the remainder when 169 is divided by 52?
13
Calculate the remainder when 193 is divided by 96.
1
What is the remainder when 4170 is divided by 13?
10
Calculate the remainder when 156 is divided by 139.
17
What is the remainder when 110 is divided by 29?
23
What is the remainder when 2196 is divided by 157?
155
What is the remainder when 5127 is divided by 27?
24
Calculate the remainder when 38330 is divided by 14.
12
Calculate the remainder when 820 is divided by 103.
99
Calculate the remainder when 325 is divided by 33.
28
What is the remainder when 27 is divided by 20?
7
What is the remainder when 201 is divided by 56?
33
Calculate the remainder when 2100 is divided by 15.
0
What is the remainder when 634 is divided by 16?
10
What is the remainder when 165 is divided by 128?
37
Calculate the remainder when 31 is divided by 12.
7
What is the remainder when 1562 is divided by 219?
29
What is the remainder when 34 is divided by 17?
0
What is the remainder when 1804 is divided by 14?
12
What is the remainder when 2540 is divided by 21?
20
What is the remainder when 356 is divided by 39?
5
Calculate the remainder when 11 is divided by 1.
0
What is the remainder when 101 is divided by 35?
31
What is the remainder when 485 is divided by 119?
9
What is the remainder when 180 is divided by 92?
88
Calculate the remainder when 571 is divided by 6.
1
Calculate the remainder when 12668 is divided by 99.
95
What is the remainder when 811 is divided by 160?
11
Calculate the remainder when 550 is divided by 91.
4
What is the remainder when 127 is divided by 44?
39
Calculate the remainder when 449 is divided by 298.
151
Calculate the remainder when 18 is divided by 3.
0
Calculate the remainder when 42 is divided by 29.
13
Calculate the remainder when 74 is divided by 3.
2
What is the remainder when 74 is divided by 31?
12
What is the remainder when 2547 is divided by 25?
22
Calculate the remainder when 418 is divided by 21.
19
Calculate the remainder when 173 is divided by 96.
77
Calculate the remainder when 88 is divided by 23.
19
What is the remainder when 259 is divided by 9?
7
Calculate the remainder when 97 is divided by 60.
37
What is the remainder when 3089 is divided by 163?
155
What is the remainder when 164 is divided by 44?
32
What is the remainder when 2773 is divided by 75?
73
What is the remainder when 206 is divided by 43?
34
Calculate the remainder when 100 is divided by 5.
0
What is the remainder when 1274 is divided by 17?
16
What is the remainder when 342 is divided by 80?
22
Calculate the remainder when 142 is divided by 55.
32
What is the remainder when 28043 is divided by 37?
34
Calculate the remainder when 3875 is divided by 277.
274
Calculate the remainder when 163 is divided by 85.
78
Calculate the remainder when 115 is divided by 39.
37
Calculate the remainder when 224 is divided by 59.
47
What is the remainder when 887 is divided by 27?
23
What is the remainder when 29 is divided by 8?
5
What is the remainder when 241 is divided by 46?
11
What is the remainder when 1128 is divided by 18?
12
What is the remainder when 553 is divided by 188?
177
Calculate the remainder when 196 is divided by 187.
9
What is the remainder when 45 is divided by 5?
0
Calculate the remainder when 129 is divided by 13.
12
What is the remainder when 2353 is divided by 19?
16
Calculate the remainder when 31 is divided by 16.
15
What is the remainder when 1171 is divided by 61?
12
Calculate the remainder when 853 is divided by 61.
60
What is the remainder when 322 is divided by 9?
7
Calculate the remainder when 1 is divided by 1.
0
Calculate the remainder when 2968 is divided by 157.
142
Calculate the remainder when 183 is divided by 39.
27
Calculate the remainder when 1252 is divided by 126.
118
What is the remainder when 4353 is divided by 14?
13
Calculate the remainder when 601 is divided by 272.
57
Calculate the remainder when 1359 is divided by 44.
39
Calculate the remainder when 332 is divided by 37.
36
What is the remainder when 2020 is divided by 35?
25
Calculate the remainder when 216 is divided by 104.
8
What is the remainder when 165 is divided by 21?
18
What is the remainder when 682 is divided by 151?
78
Calculate the remainder when 68 is divided by 58.
10
What is the remainder when 525 is divided by 16?
13
Calculate the remainder when 293 is divided by 9.
5
What is the remainder when 57770 is divided by 147?
146
What is the remainder when 45 is divided by 17?
11
What is the remainder when 1179 is divided by 585?
9
Calculate the remainder when 20 is divided by 7.
6
Calculate the remainde